(j) = -3*j + 7 + j + 3*j - 5. Determine w(v).
-2
Let u(q) = q**3 + 7*q**2 - q. Let o be u(-7). Let a(l) = 6 + l**2 + 0*l + o*l - 9*l**2 + l**3. Suppose -5*h - 5*f + 44 = -8*f, f = h - 10. Give a(h).
6
Let c(b) = 11*b**2 - b + 3. Let r be c(0). Let v(f) = -3*f + 7*f - 2 - f**2 - 1. What is v(r)?
0
Let i(g) = -2*g**2 + 4*g + 8. Let f be 7 + 0 + -13 + 10. What is i(f)?
-8
Let l be (-9)/3 - (-11 + 3). Let t(q) = -q**2 + 20*q + 20*q - 2 - 42*q - l. Calculate t(-5).
-22
Let c(w) be the second derivative of -1/20*w**5 + 0 + 1/12*w**4 + 9*w - 3*w**2 - 1/6*w**3. What is c(0)?
-6
Let z(a) = a**2 + 8*a + 5. Suppose 5*w + 2*q + 45 + 196 = 0, -4*w = -5*q + 173. Let k = w + 39. Calculate z(k).
5
Let w(t) be the third derivative of -t**5/30 + t**4/6 + t**3/6 - 4*t**2 + 15. Determine w(3).
-5
Let j be 1 - (-2 - (2 + -1)). Suppose j*f + 5 + 3 = 0. Let w(l) be the third derivative of -l**5/60 - l**4/24 - l**3/3 - l**2 + 15. What is w(f)?
-4
Let c = -27 + 39. Let m = c - 10. Let l(i) = 3 - 2 - 7*i + 2*i + m*i. Determine l(-3).
10
Let m(j) be the third derivative of -j**6/720 + j**5/20 + 5*j**4/24 + 11*j**2. Let d(x) be the second derivative of m(x). Determine d(0).
6
Suppose 12 = 9*r - 4*r + 4*x, 3*r = x - 3. Let l(k) = k**2 - k - 5. What is l(r)?
-5
Let j(d) = 4*d. Suppose 84*r - 82*r - 2 = 0. Calculate j(r).
4
Let f(x) = x**3 - 4*x**2 - 4*x - 5. Let d be 33/22*(6 - 0). Suppose -9*q + 12*q = d. Suppose 5*i + b - 24 = 5, 0 = -3*i - q*b + 27. Calculate f(i).
0
Let u(l) be the third derivative of 16*l**2 + 0*l - 1/8*l**4 + 0 + 1/15*l**5 - l**3 + 1/120*l**6. What is u(-4)?
6
Let u(l) be the first derivative of -4*l**2 - 8*l - 1 - 1/3*l**3. Let d(v) = v**3 - 8*v**2 + 4*v + 42. Let z be d(6). Give u(z).
4
Let u be -18*((-35)/10 + 4). Let b(f) = -2*f**3 + 10 + 0 - 2*f**3 - 8*f**2 + 10*f + 3*f**3. Give b(u).
1
Let t(q) = -q + 1. Suppose 2 = -3*d + 5. Let z(x) = x**2 - 6*x + 4. Let s(a) = d*t(a) + z(a). What is s(5)?
-5
Let s(d) = 7*d**2 - 4*d + 36. Let b(r) = -4*r**2 + 2*r - 19. Let u(g) = 5*b(g) + 3*s(g). Calculate u(0).
13
Let w(n) = 4*n**2 - 3*n - 2. Let x(j) = j**2 + 16*j - 18. Let d be x(1). Calculate w(d).
5
Let j(l) be the third derivative of 5*l**4/12 - 59*l**3/6 + 75*l**2. Calculate j(5).
-9
Let v(l) = l**2 + 4*l - 12. Let h be v(-6). Suppose 11*x - 9*x + 4 = h. Let s(z) = 10*z - 4. Let t(q) = -q + 1. Let u(g) = -s(g) - 5*t(g). Calculate u(x).
9
Suppose -5*c = -0*c. Let p(d) = d - 1. Calculate p(c).
-1
Let j(o) = o**2 - 7*o + 4. Suppose -6*l = -3*l - 5*l. Let k be (-2)/(-3) + 2/6. Suppose l = 4*m + 5*c - 21 + k, -5*c - 5 = -m. Give j(m).
-6
Let i(a) = -a**3 + a**2 - a + 3. Let y be i(0). Let k(q) = q**3 - 4*q**2 + q + 3. Let f be k(y). Let v(u) = 7*u - 8*u + u**2 - 815 + 815. Give v(f).
12
Let v(p) be the first derivative of -8*p**3/3 - 250. Calculate v(-1).
-8
Let j(f) be the third derivative of f**5/60 - 5*f**4/12 - f**3/6 + 22*f**2 + 1. Calculate j(8).
-17
Let x(k) be the second derivative of -k**3/3 + 33*k**2/2 - 163*k. Calculate x(15).
3
Let p(h) = 3*h + 1. Let m(s) = s**3 + 5*s**2 - 8*s - 5. Suppose 30 = -9*u + 4*u. Let y be m(u). Let w(z) = -z**2 + 6*z + 6. Let c be w(y). What is p(c)?
-2
Let a(p) = p - 1. Let k(c) = -c**3 - 9*c**2 + 3*c + 41. Let z(x) = -2*a(x) - k(x). Calculate z(-9).
6
Let o(l) = -l**3 - 6*l**2 - 3*l + 6. Let i be o(-5). Let s(a) be the first derivative of -a**3/3 - 3*a**2/2 - 5*a - 3355. Give s(i).
-9
Suppose -21 - 33 = -3*x. Let m(l) = 5*l - l**2 + 12 - x + 9. Give m(5).
3
Let g = -1411 - -1417. Let d(u) = 4*u - 7. Give d(g).
17
Suppose 81 - 15 = 11*p. Let l(b) = b**2 - 6*b + 9. Give l(p).
9
Let r be (-4)/((-8)/(-48) + (-1)/(-2)). Let a(g) = 6 - 106*g + 4*g**2 + 3*g**3 + 100*g - 2*g**3. Calculate a(r).
-30
Suppose 6*r - 2*r = 12. Suppose 8*d - 5*d + 9 = -r*m, 2*d + 3*m = -11. Let q(a) = -6 - 3*a**3 + d*a**3 - 5 + 5*a**2 + 16 - 2*a. Give q(4).
13
Suppose -q + 144 = -5*x, -3*x = -7*q + 8*q - 120. Let k(g) = 132 - q - g - 2*g. Calculate k(3).
-6
Let m(i) be the third derivative of 0 + 0*i - 1/20*i**5 - 13/6*i**3 + 1/360*i**6 + 1/12*i**4 + 11*i**2. Let d(y) be the first derivative of m(y). Give d(5).
-3
Let n be 88/(-24) + (-20)/15. Let u(c) = c**3 + 6*c**2 + 7*c + 7. Determine u(n).
-3
Suppose -8 = -5*c - 3. Let h(a) = -30*a - 1. What is h(c)?
-31
Let m(s) = -5*s + 4. Let b(z) = z**3 - 22*z**2 - 24*z + 27. Let l be b(23). Calculate m(l).
-16
Suppose -m - 49 = -53. Let y(j) be the first derivative of -j**5/60 - j**4/12 - j**3/3 + 2. Let x(o) be the third derivative of y(o). Calculate x(m).
-10
Let k(q) = q**2. Let n(x) = 5*x**2 - x + 41. Let f(m) = -6*k(m) + n(m). Calculate f(0).
41
Suppose 3*v - 12 = -3*v. Let t(s) = v - 2 + 4*s + 1. Calculate t(-1).
-3
Let b(c) be the second derivative of 1/12*c**4 + 0*c**2 + 21*c + 0 - 1/2*c**3. Calculate b(5).
10
Let v(i) be the second derivative of -i**4/12 + 2*i**3/3 - 2*i. Suppose 5*n = n + 20. Suppose 0*a + n*a = 5*p + 25, 12 = 2*a - 3*p. Calculate v(a).
3
Let o(r) be the first derivative of r**2/2 + 3. What is o(4)?
4
Let l be (-4)/(-3)*315/(-70). Let f(z) = -z**2 - 7*z + 2. What is f(l)?
8
Let i be (((-462)/(-24))/(-11))/(2/8). Let a(b) be the second derivative of b**5/20 + 7*b**4/12 + 3*b**2/2 + 42*b. Give a(i).
3
Let k(p) be the first derivative of -2*p**2 - 656. What is k(2)?
-8
Let q(y) = -37*y - 48*y + 27 + 86*y. What is q(-14)?
13
Let l = 0 + 2. Let b be 1*2*(-9)/(-6). Let g(w) = 2 + 2*w**2 + w**2 - w**2 - 3*w - b*w**l. What is g(-3)?
2
Let k(h) = -4*h - 2. Let w be ((-4)/1 + -3)*1. Let p(c) = -4*c - 30. Let x be p(w). Calculate k(x).
6
Let b(x) = -5*x. Let j be 2/11 - (-100)/55. Suppose 4*z - 8*z = -5*h + 11, -3*h + 5 = -j*z. What is b(h)?
5
Let t(p) = -2 + 3*p - p**2 + 7*p - 3*p + 7. Determine t(7).
5
Let y = -5 + 8. Let w(q) = -53*q - 3 - 1 + q**2 - 51*q + 103*q. Determine w(y).
2
Let c(y) = 3*y**2 + 3*y + 3. Suppose 6*x - 168 = -0*x. Let u = x - 30. What is c(u)?
9
Let d = 380 - 388. Let u(r) = 2*r + 16. Give u(d).
0
Let f(o) = o + 17. Let h(g) = g + 26. Let r(i) = -7*f(i) + 5*h(i). Calculate r(9).
-7
Let i(p) = -p**2 + 7*p + 5. Let l(h) = h - 2. Let u(g) = i(g) - 4*l(g). Give u(6).
-5
Let u(v) be the third derivative of -v**4/24 + 8*v**3/3 + 16*v**2 - v. What is u(11)?
5
Let b(r) be the third derivative of r**6/120 - r**5/10 - r**4/24 + r**3/3 - 9*r**2. Suppose 5*a - 7 - 23 = 0. What is b(a)?
-4
Let p(m) = m**2 + 4*m + 6. Let c be 21/(-2)*4/3. Let t(u) be the first derivative of u**2/2 + 10*u - 99. Let g be t(c). Give p(g).
6
Let q(d) = d + 5. Let v be 2 - 18/8 - 69/(-4). Suppose 2*t + 4*i - 9 = t, v = -3*t - i. Calculate q(t).
-2
Suppose -4*q + 5*s = -19, 2*q + 2*s + 7 = 3*q. Let p(n) = -n**2 - q + 0*n**2 + 2*n**2 + 6*n - 2*n**2. Determine p(5).
4
Let h be 33/(-6) - 7/(-14). Let d(b) = 2*b + 7. Determine d(h).
-3
Let g(n) be the first derivative of n**5/60 - n**4/8 - n**3/2 - 9*n**2/2 + 15. Let x(b) be the second derivative of g(b). Determine x(5).
7
Let m(d) = d**2 - 11*d + 4. Suppose 1 = -y + 2*s, 0 = -14*y + 17*y + 4*s - 47. Determine m(y).
-14
Let n(p) = -5*p - 33. Let q be n(-4). Let s(g) = g**2 + 12*g - 16. Determine s(q).
-3
Let g(l) = 4*l - 41. Let j be g(12). Let b(i) = i**2 + 2*i + 5. Let r(m) = -m - 2. Let o(h) = j*r(h) + 3*b(h). Calculate o(1).
3
Let b(v) = -4*v**2 - 6*v - 2. Let q(k) = -7*k**2 - 11*k - 4. Let l(y) = -5*b(y) + 3*q(y). Suppose 4*a = 5*a - 3. Determine l(a).
-20
Let v be 2 + -3 + 0 - -5. Suppose -v*g - 5 = 5*i - 4, 3*i - 9 = -4*g. Let w(y) = -66*y + 21*y + 24*y - y**2 + 26*y. Calculate w(g).
-6
Let z(h) = 14 + 7*h**2 - 7 - h**2 - h**3 - 8*h - 3. What is z(5)?
-11
Let h(x) = -x**2 - 2*x - 3. Let g = 263 + -266. What is h(g)?
-6
Let o = -56 + 51. Let v be (2/o)/((-3)/(-45)). Let l(c) = -c**2 - 5*c + 5. Calculate l(v).
-1
Let q(z) = 3*z - 1. Let c be (((-4)/(-5))/(-4))/(1/(-10)). What is q(c)?
5
Let w(x) = 3 - 2*x**3 - 3*x**2 + x**3 - 2*x**2 + 13*x**2 - 8*x. What is w(7)?
-4
Let y(p) be the second derivative of -p**3/6 + 3*p**2 - 4*p. Let l be (-1 + 2 - 6) + (7 - 8). Determine y(l).
12
Let o be 46/6 - (2 - (-14)/(-6)). Suppose -o = -58*z + 54*z. Let n(v) = 2*v**3 + v**2 + 2*v - 3. What is n(z)?
21
Let a(r) = 7*r**2 - 3*r + 1. Let w(q) = -13*q**2 + 5*q - 2. Let y(p) = -11*a(p) - 6*w(p). Determine y(-3).
1
Suppose -2 + 6 = z. Let c be z/22 + ((-460)/22)/